. Calculate the greatest common factor of m and w.
10
Let c = -37 + -90. Let i = 138 + c. Calculate the greatest common divisor of i and 1.
1
Let l(c) = 2*c**2 + c - 4. Let p be l(-3). Let x be (-2)/(-5) + (-5034)/(-15). Let j = x - 215. What is the highest common factor of j and p?
11
Let g = 661 - 453. Calculate the highest common divisor of 13 and g.
13
Suppose -10 = -p - 56. Let o = p + 62. What is the highest common factor of 176 and o?
16
Suppose -5*r - 16 = -r. Let u = 4 + r. Suppose -p - 4*p + 525 = u. Calculate the greatest common divisor of 15 and p.
15
Let o(j) = j**2 - 3*j - 62. Let b be o(11). What is the highest common factor of b and 286?
26
Let l = 13 - 16. Let d be ((-18)/8)/(l/40). What is the highest common factor of d and 10?
10
Let o = -36 + 4. Let u = 220 - o. What is the greatest common factor of u and 28?
28
Suppose -5*h + 12 = -13. Suppose -h*b + 47 = -88. What is the highest common divisor of 9 and b?
9
Let r(q) = -8 - 3 + 14*q + 12. Let p be r(6). What is the highest common factor of p and 17?
17
Suppose -37*s = -32*s - 855. Calculate the highest common factor of s and 9.
9
Suppose -3*l + 16 = -2. Suppose l*s - 306 = -3*s. Calculate the highest common divisor of 238 and s.
34
Suppose -2*o = -63 - 39. Suppose -h + 3*h + 4*h = 0. Suppose h = 11*s - 3*s - 272. What is the greatest common factor of o and s?
17
Let c = 14 - 10. Let x be (c/(-5))/(6/(-120)). Let j be (16*-2)/((-8)/44). What is the highest common factor of j and x?
16
Suppose -385 - 2807 = -7*k. Calculate the greatest common divisor of 24 and k.
24
Suppose 0 = -w + 3*w - 8. Suppose 0 = -w*d - 2*d + 72. Calculate the highest common factor of 30 and d.
6
Suppose 5*k = 10, -g + 4*k - 11 = -2*g. Suppose o - g*i - 28 = 0, -o + 0*o + 18 = -i. Let q = o + -2. Calculate the highest common divisor of q and 44.
11
Let f be 320/(-128)*(-24)/10. What is the greatest common factor of f and 102?
6
Let s = 298 - 280. Calculate the highest common factor of 288 and s.
18
Let j = -13 - -16. Let o(u) = -u**2 - 2*u + 5. Let v be o(0). Let s = j + v. Calculate the highest common divisor of 1 and s.
1
Suppose 3 = -d - 23. Let m be (d/(-8) + 0)/((-1)/(-4)). Let j be ((-26)/4)/(3/(-6)). Calculate the greatest common divisor of m and j.
13
Suppose 0 = -3*k + 4*o - 51, 5*k - o + 59 = -3*o. Let i be (-2)/k - (-726)/13. Let y = 5 + 2. Calculate the greatest common factor of i and y.
7
Let w = -792 + 809. What is the highest common factor of w and 289?
17
Suppose -4*x + 0*x = -96. Let q(t) = -t**3 - 3*t**2 + t + 4. Let y be q(-4). What is the greatest common factor of x and y?
8
Let a(g) = g**2 - 11*g + 17. Let u be a(-9). Let l be (-10)/20 - u/(-2). What is the highest common divisor of 14 and l?
14
Suppose 0 = 2*k + k + 5*p - 60, -4*p = -2*k + 18. Suppose 0 = 7*s - 40 - 170. What is the highest common factor of k and s?
15
Let q = -46 + 46. Let s be (q - -3)/(36/2976). Calculate the greatest common divisor of 31 and s.
31
Let m(b) = 78*b - 563. Let s be m(8). Calculate the greatest common factor of s and 793.
61
Let b be ((-924)/(-110))/((-2)/(-15)). Calculate the highest common factor of 9 and b.
9
Let v = -8 + 10. Suppose -158 = -v*c + 82. Calculate the highest common factor of 30 and c.
30
Let c = 263 + -254. Calculate the greatest common factor of c and 18.
9
Let v be (-3)/(-2)*(-96)/(-36). Let n be -5*8/80 + 114/v. Calculate the greatest common factor of n and 12.
4
Let o = -29 + 65. Let s(f) = 2*f**2 - 7*f + 5. Let v be s(7). What is the greatest common divisor of v and o?
18
Suppose -3*i = 5*c - 569, -i - 58 - 499 = -5*c. Calculate the highest common divisor of 7 and c.
7
Let w(x) = 103*x - 4. Let f = 21 + -19. Let q be w(f). Suppose q = 2*a + 2*d, -2*a = -7*d + 3*d - 226. Calculate the greatest common divisor of 15 and a.
15
Let i = 417 - 47. Calculate the greatest common factor of i and 10.
10
Let u(q) = q**2 + 4*q - 8. Let t be u(2). Suppose l = -w - t*l + 8, w - 10 = -4*l. What is the highest common divisor of w and 6?
6
Suppose 13*y + 168 = 16*y. Let n(o) = o + 25. Let q be n(-17). Calculate the greatest common divisor of y and q.
8
Suppose 2*q + 1 = 39. Let c = q + -10. Calculate the greatest common factor of 1 and c.
1
Let z = -7 + 31. Suppose -9*g = -8*g - z. What is the highest common factor of 192 and g?
24
Let p = -63 - -111. Suppose -3*y - 3*o = -177, -o - 106 = -5*y + 3*y. Let k = -43 + y. Calculate the greatest common factor of p and k.
12
Suppose -40*v - 4816 = -47*v. What is the greatest common factor of 32 and v?
16
Suppose 700 = -c + 6*c. Suppose 0*y + 75 = 5*y + 5*s, 0 = -5*s - 25. Calculate the greatest common divisor of c and y.
20
Let g(c) = c**2 - 5*c - 15. Let v be g(7). Let b be (-240)/(-5) - (v + 4). Let i = -6 - -15. Calculate the greatest common divisor of i and b.
9
Let r = -2 - -18. Let a = 34 - r. What is the highest common divisor of 90 and a?
18
Suppose 0 = -4*g - 3 - 9. Suppose d - 53 - 24 = 5*h, 4*d - 329 = -h. Let s be g + (d - (-5 + 3)). What is the highest common divisor of s and 9?
9
Let b(v) = v + 8. Let c be b(1). Calculate the greatest common divisor of 15 and c.
3
Suppose 4*z - 2*q = 3*z + 11, 4*z = -4*q + 32. What is the greatest common divisor of z and 126?
9
Suppose -552 = -102*w + 94*w. Calculate the highest common factor of 69 and w.
69
Suppose 2*r + r = 84. Let v(h) = -h + 16. Let p = -23 - -32. Let o be v(p). What is the highest common factor of o and r?
7
Suppose 5*w = 5*u - 95, 2*u = -2*u + w + 61. Let r be 2*7*((-12)/(-8) - -1). What is the highest common divisor of r and u?
7
Let a be 12 - (11 - 6) - (-83 + -1). Calculate the greatest common divisor of 221 and a.
13
Let p be (-207)/(-63) - (-4)/(-14). Let g = p - -14. Calculate the greatest common factor of g and 85.
17
Suppose 0 = -3*o - w + 57, 4*o - 18 = -3*w + 53. Calculate the greatest common factor of 8 and o.
4
Suppose 6*r = 7*r - 3*q - 43, r = q + 47. Let p = 0 + 7. What is the highest common divisor of r and p?
7
Let q(p) = p**2 - 28*p + 24. Let d be q(28). What is the highest common divisor of d and 30?
6
Suppose -d = 2*h - 249, 2*d - 718 + 95 = -5*h. Let s(n) = n**2 + 2*n - 13. Let a be s(-9). Calculate the greatest common factor of a and h.
25
Suppose -r + 4 = 2*s - 3, -5*r + 4*s + 77 = 0. Let m be 2*(57/6 + -3). What is the highest common factor of r and m?
13
Let l(d) = -d**3 + 25*d**2 + 30*d - 20. Let n be l(26). Calculate the greatest common factor of 300 and n.
12
Let j(d) = -86*d - 2. Let k be j(-2). Suppose 2*y - 3*p - 10 = y, 0 = 3*y - 4*p - 30. Suppose -k = -3*g + y. What is the highest common divisor of 20 and g?
20
Suppose -5*g + 150 = 4*v, v + 39 = 2*g + 83. What is the highest common factor of v and 360?
40
Let v(q) = 47*q + 12. Let t(g) = -12*g - 3. Let p(b) = 9*t(b) + 2*v(b). Let n be p(-1). What is the highest common factor of n and 88?
11
Let l be (3/(-1) + -2)/1. Let a be -15*(160/12)/l. Suppose 0 = -5*k + 2*t + 198, 2*t - 2 = k - a. Calculate the greatest common divisor of k and 5.
5
Let i(o) = -40*o + 4. Suppose -4 = f + f. Let d be i(f). Let h be (2 + -1)/(6/72). Calculate the highest common factor of h and d.
12
Suppose 2*z - 3*d - 4 = -0*z, z + 2*d = 2. Suppose z*c = 4*c - 6. Suppose c*p - 6 = 2*p. Calculate the highest common divisor of 66 and p.
6
Suppose -6*a = -3*a - 2*l - 964, -4*l = a - 312. Suppose -p - 3*p + a = 4*z, -20 = 5*p. Calculate the greatest common divisor of 12 and z.
12
Suppose 3*j = -2*q + 100, 2*j + 4*q = 3*j - 10. Let o = j + -26. Suppose 0 = -2*d + 5 + 5, 3*d + 5 = 5*p. What is the highest common factor of p and o?
4
Suppose 2*a + h - 137 = 296, 2*a - 439 = 5*h. Let i = 91 + a. Let k(q) = 6*q**2 + 3*q - 2. Let m be k(2). Calculate the highest common divisor of m and i.
28
Let d = -359 + 549. Let f be 6/15 - (d/(-25) + 2). What is the greatest common divisor of f and 15?
3
Let s(j) = 2*j + 2. Let b be s(4). Let l(a) = -4*a**2 - 6*a + 2. Let h be l(-2). Let z be 100/b - (-2)/h. What is the highest common factor of z and 6?
3
Let v = 2 + -4. Let p be (1/(-2))/(v/320). Suppose 97*d = 3058 + 46. What is the greatest common divisor of d and p?
16
Let v(o) = -140*o - 180. Let n be v(-3). Calculate the highest common factor of n and 15.
15
Suppose 6 = -2*z - 14. Let w(o) = -o**3 - 9*o**2 + 8*o - 5. Let m be w(z). Calcul